{"id":2447,"date":"2022-05-20T11:35:02","date_gmt":"2022-05-20T11:35:02","guid":{"rendered":"https:\/\/arrel.com\/?post_type=product&#038;p=2447"},"modified":"2022-05-20T12:06:41","modified_gmt":"2022-05-20T12:06:41","slug":"casa-cantonera-jardi-piscina-vistes-envejables-llum","status":"publish","type":"product","link":"https:\/\/arrel.com\/ca\/casa-cantonera-jardi-piscina-vistes-envejables-llum\/","title":{"rendered":"CASA CANTONERA AMB JARD\u00cd AMB VISTES ENVEJABLES"},"content":{"rendered":"<pre id=\"tw-target-text\" class=\"tw-data-text tw-text-large tw-ta\" data-placeholder=\"Traducci\u00f3\"><span class=\"Y2IQFc\" lang=\"ca\">Tenim el plaer de Presentar-vos aquest producte com a Exclusiva.\r\nA nom\u00e9s 3 minuts amb cotxe del centre d'Alella, al costat del transport p\u00fablic i nom\u00e9s a 15 minuts del centre de Barcelona, \u200b\u200bus presentem aquest Peculiar i assolellat habitatge, RECENT REFORMADA, a la localitat d'Alella amb envejables vistes a les vinyes, al mar ia la localitat.\r\nA nivell de carrer, ens rep l'habitatge amb un jard\u00ed bonic amb acc\u00e9s a nivell del garatge. En aquesta mateixa planta disposem de 2 habitacions dobles i un ampli bany amb dutxa tot exterior.\r\nEn un segon nivell, tenim sal\u00f3 menjador amb llar de foc i sortida exterior a balc\u00f3, lluminosa cuina office i \u00e0mplia habitaci\u00f3 principal tipus suite amb precioses vistes des del balc\u00f3.\r\nA la planta inferior, tenim una sala polivalent, bany de cortesia, safareig habilitat alhora com a cuina per donar suport al jard\u00ed privat amb barbacoa de carb\u00f3.\r\nFinalment, per\u00f2 no menys important, aquest habitatge gaudeix de zona comunit\u00e0ria amb piscina i vistes.<\/span><\/pre>\n","protected":false},"excerpt":{"rendered":"<pre id=\"tw-target-text\" class=\"tw-data-text tw-text-large tw-ta\" data-placeholder=\"Traducci\u00f3\"><span class=\"Y2IQFc\" lang=\"ca\">Casa recent reformada molt lluminosa, d'estil americ\u00e0 amb jard\u00ed, recinte comunitari privilegiat amb vistes i piscina ubicada a la bonica localitat d'Alella, el Maresme, a nom\u00e9s 18 km de Barcelona<\/span><\/pre>\n<p>&nbsp;<\/p>\n","protected":false},"featured_media":3699,"template":"","meta":{"inline_featured_image":false},"product_brand":[],"product_cat":[86,62],"product_tag":[152,54],"class_list":{"0":"post-2447","1":"product","2":"type-product","3":"status-publish","4":"has-post-thumbnail","6":"product_cat-comprar-maresme-ca","7":"product_cat-comprar-maresme","8":"product_tag-comprar-ca","9":"product_tag-comprar","11":"first","12":"outofstock","13":"shipping-taxable","14":"purchasable","15":"product-type-simple"},"acf":[],"yoast_head":"<!-- This site is optimized with the Yoast SEO plugin v27.5 - https:\/\/yoast.com\/product\/yoast-seo-wordpress\/ -->\n<title>CASA CANTONERA AMB JARD\u00cd AMB VISTES ENVEJABLES - ARREL<\/title>\n<meta name=\"description\" content=\"Casa d\u00b4estil mediterrani amb jard\u00ed, dins d\u00b4un recinte comunitari privilegiat amb piscina ubicada al centre de la bonica localitat d\u00b4Alella.\" \/>\n<meta name=\"robots\" content=\"index, follow, max-snippet:-1, max-image-preview:large, max-video-preview:-1\" \/>\n<link rel=\"canonical\" href=\"https:\/\/arrel.com\/casa-esquinera-con-jardin-y-vistas-envidiables\/\" \/>\n<meta property=\"og:locale\" content=\"ca_ES\" \/>\n<meta property=\"og:type\" content=\"article\" \/>\n<meta property=\"og:title\" content=\"CASA CANTONERA AMB JARD\u00cd AMB VISTES ENVEJABLES - ARREL\" \/>\n<meta property=\"og:description\" content=\"Casa d\u00b4estil mediterrani amb jard\u00ed, dins d\u00b4un recinte comunitari privilegiat amb piscina ubicada al centre de la bonica localitat d\u00b4Alella.\" \/>\n<meta property=\"og:url\" content=\"https:\/\/arrel.com\/casa-esquinera-con-jardin-y-vistas-envidiables\/\" \/>\n<meta property=\"og:site_name\" content=\"ARREL\" \/>\n<meta property=\"article:modified_time\" content=\"2022-05-20T12:06:41+00:00\" \/>\n<meta property=\"og:image\" content=\"https:\/\/arrel.com\/wp-content\/uploads\/AL-3542-SOLD.jpg\" \/>\n\t<meta property=\"og:image:width\" content=\"1000\" \/>\n\t<meta property=\"og:image:height\" content=\"592\" \/>\n\t<meta property=\"og:image:type\" content=\"image\/jpeg\" \/>\n<meta name=\"twitter:card\" content=\"summary_large_image\" \/>\n<meta name=\"twitter:label1\" content=\"Est. reading time\" \/>\n\t<meta name=\"twitter:data1\" content=\"1 minute\" \/>\n<script type=\"application\/ld+json\" class=\"yoast-schema-graph\">{\"@context\":\"https:\\\/\\\/schema.org\",\"@graph\":[{\"@type\":\"WebPage\",\"@id\":\"https:\\\/\\\/arrel.com\\\/casa-esquinera-con-jardin-y-vistas-envidiables\\\/\",\"url\":\"https:\\\/\\\/arrel.com\\\/casa-esquinera-con-jardin-y-vistas-envidiables\\\/\",\"name\":\"CASA CANTONERA AMB JARD\u00cd AMB VISTES ENVEJABLES - ARREL\",\"isPartOf\":{\"@id\":\"https:\\\/\\\/arrel.com\\\/#website\"},\"primaryImageOfPage\":{\"@id\":\"https:\\\/\\\/arrel.com\\\/casa-esquinera-con-jardin-y-vistas-envidiables\\\/#primaryimage\"},\"image\":{\"@id\":\"https:\\\/\\\/arrel.com\\\/casa-esquinera-con-jardin-y-vistas-envidiables\\\/#primaryimage\"},\"thumbnailUrl\":\"https:\\\/\\\/arrel.com\\\/wp-content\\\/uploads\\\/AL-3542-SOLD.jpg\",\"datePublished\":\"2022-05-20T11:35:02+00:00\",\"dateModified\":\"2022-05-20T12:06:41+00:00\",\"description\":\"Casa d\u00b4estil mediterrani amb jard\u00ed, dins d\u00b4un recinte comunitari privilegiat amb piscina ubicada al centre de la bonica localitat d\u00b4Alella.\",\"breadcrumb\":{\"@id\":\"https:\\\/\\\/arrel.com\\\/casa-esquinera-con-jardin-y-vistas-envidiables\\\/#breadcrumb\"},\"inLanguage\":\"ca\",\"potentialAction\":[{\"@type\":\"ReadAction\",\"target\":[\"https:\\\/\\\/arrel.com\\\/casa-esquinera-con-jardin-y-vistas-envidiables\\\/\"]}]},{\"@type\":\"ImageObject\",\"inLanguage\":\"ca\",\"@id\":\"https:\\\/\\\/arrel.com\\\/casa-esquinera-con-jardin-y-vistas-envidiables\\\/#primaryimage\",\"url\":\"https:\\\/\\\/arrel.com\\\/wp-content\\\/uploads\\\/AL-3542-SOLD.jpg\",\"contentUrl\":\"https:\\\/\\\/arrel.com\\\/wp-content\\\/uploads\\\/AL-3542-SOLD.jpg\",\"width\":1000,\"height\":592},{\"@type\":\"BreadcrumbList\",\"@id\":\"https:\\\/\\\/arrel.com\\\/casa-esquinera-con-jardin-y-vistas-envidiables\\\/#breadcrumb\",\"itemListElement\":[{\"@type\":\"ListItem\",\"position\":1,\"name\":\"Portada\",\"item\":\"https:\\\/\\\/arrel.com\\\/ca\\\/\"},{\"@type\":\"ListItem\",\"position\":2,\"name\":\"Cercador d&#8217;immobles\",\"item\":\"https:\\\/\\\/arrel.com\\\/ca\\\/buscador-inmuebles\\\/\"},{\"@type\":\"ListItem\",\"position\":3,\"name\":\"CASA CANTONERA AMB JARD\u00cd AMB VISTES ENVEJABLES\"}]},{\"@type\":\"WebSite\",\"@id\":\"https:\\\/\\\/arrel.com\\\/#website\",\"url\":\"https:\\\/\\\/arrel.com\\\/\",\"name\":\"ARREL\",\"description\":\"Agencia inmobiliaria en Maresme y Barcelona\",\"publisher\":{\"@id\":\"https:\\\/\\\/arrel.com\\\/#organization\"},\"potentialAction\":[{\"@type\":\"SearchAction\",\"target\":{\"@type\":\"EntryPoint\",\"urlTemplate\":\"https:\\\/\\\/arrel.com\\\/?s={search_term_string}\"},\"query-input\":{\"@type\":\"PropertyValueSpecification\",\"valueRequired\":true,\"valueName\":\"search_term_string\"}}],\"inLanguage\":\"ca\"},{\"@type\":\"Organization\",\"@id\":\"https:\\\/\\\/arrel.com\\\/#organization\",\"name\":\"ARREL\",\"url\":\"https:\\\/\\\/arrel.com\\\/\",\"logo\":{\"@type\":\"ImageObject\",\"inLanguage\":\"ca\",\"@id\":\"https:\\\/\\\/arrel.com\\\/#\\\/schema\\\/logo\\\/image\\\/\",\"url\":\"https:\\\/\\\/arrel.com\\\/wp-content\\\/uploads\\\/logo-arrel.svg\",\"contentUrl\":\"https:\\\/\\\/arrel.com\\\/wp-content\\\/uploads\\\/logo-arrel.svg\",\"width\":93,\"height\":33,\"caption\":\"ARREL\"},\"image\":{\"@id\":\"https:\\\/\\\/arrel.com\\\/#\\\/schema\\\/logo\\\/image\\\/\"}}]}<\/script>\n<!-- \/ Yoast SEO plugin. -->","yoast_head_json":{"title":"CASA CANTONERA AMB JARD\u00cd AMB VISTES ENVEJABLES - ARREL","description":"Casa d\u00b4estil mediterrani amb jard\u00ed, dins d\u00b4un recinte comunitari privilegiat amb piscina ubicada al centre de la bonica localitat d\u00b4Alella.","robots":{"index":"index","follow":"follow","max-snippet":"max-snippet:-1","max-image-preview":"max-image-preview:large","max-video-preview":"max-video-preview:-1"},"canonical":"https:\/\/arrel.com\/casa-esquinera-con-jardin-y-vistas-envidiables\/","og_locale":"ca_ES","og_type":"article","og_title":"CASA CANTONERA AMB JARD\u00cd AMB VISTES ENVEJABLES - ARREL","og_description":"Casa d\u00b4estil mediterrani amb jard\u00ed, dins d\u00b4un recinte comunitari privilegiat amb piscina ubicada al centre de la bonica localitat d\u00b4Alella.","og_url":"https:\/\/arrel.com\/casa-esquinera-con-jardin-y-vistas-envidiables\/","og_site_name":"ARREL","article_modified_time":"2022-05-20T12:06:41+00:00","og_image":[{"width":1000,"height":592,"url":"https:\/\/arrel.com\/wp-content\/uploads\/AL-3542-SOLD.jpg","type":"image\/jpeg"}],"twitter_card":"summary_large_image","twitter_misc":{"Est. reading time":"1 minute"},"schema":{"@context":"https:\/\/schema.org","@graph":[{"@type":"WebPage","@id":"https:\/\/arrel.com\/casa-esquinera-con-jardin-y-vistas-envidiables\/","url":"https:\/\/arrel.com\/casa-esquinera-con-jardin-y-vistas-envidiables\/","name":"CASA CANTONERA AMB JARD\u00cd AMB VISTES ENVEJABLES - ARREL","isPartOf":{"@id":"https:\/\/arrel.com\/#website"},"primaryImageOfPage":{"@id":"https:\/\/arrel.com\/casa-esquinera-con-jardin-y-vistas-envidiables\/#primaryimage"},"image":{"@id":"https:\/\/arrel.com\/casa-esquinera-con-jardin-y-vistas-envidiables\/#primaryimage"},"thumbnailUrl":"https:\/\/arrel.com\/wp-content\/uploads\/AL-3542-SOLD.jpg","datePublished":"2022-05-20T11:35:02+00:00","dateModified":"2022-05-20T12:06:41+00:00","description":"Casa d\u00b4estil mediterrani amb jard\u00ed, dins d\u00b4un recinte comunitari privilegiat amb piscina ubicada al centre de la bonica localitat d\u00b4Alella.","breadcrumb":{"@id":"https:\/\/arrel.com\/casa-esquinera-con-jardin-y-vistas-envidiables\/#breadcrumb"},"inLanguage":"ca","potentialAction":[{"@type":"ReadAction","target":["https:\/\/arrel.com\/casa-esquinera-con-jardin-y-vistas-envidiables\/"]}]},{"@type":"ImageObject","inLanguage":"ca","@id":"https:\/\/arrel.com\/casa-esquinera-con-jardin-y-vistas-envidiables\/#primaryimage","url":"https:\/\/arrel.com\/wp-content\/uploads\/AL-3542-SOLD.jpg","contentUrl":"https:\/\/arrel.com\/wp-content\/uploads\/AL-3542-SOLD.jpg","width":1000,"height":592},{"@type":"BreadcrumbList","@id":"https:\/\/arrel.com\/casa-esquinera-con-jardin-y-vistas-envidiables\/#breadcrumb","itemListElement":[{"@type":"ListItem","position":1,"name":"Portada","item":"https:\/\/arrel.com\/ca\/"},{"@type":"ListItem","position":2,"name":"Cercador d&#8217;immobles","item":"https:\/\/arrel.com\/ca\/buscador-inmuebles\/"},{"@type":"ListItem","position":3,"name":"CASA CANTONERA AMB JARD\u00cd AMB VISTES ENVEJABLES"}]},{"@type":"WebSite","@id":"https:\/\/arrel.com\/#website","url":"https:\/\/arrel.com\/","name":"ARREL","description":"Agencia inmobiliaria en Maresme y Barcelona","publisher":{"@id":"https:\/\/arrel.com\/#organization"},"potentialAction":[{"@type":"SearchAction","target":{"@type":"EntryPoint","urlTemplate":"https:\/\/arrel.com\/?s={search_term_string}"},"query-input":{"@type":"PropertyValueSpecification","valueRequired":true,"valueName":"search_term_string"}}],"inLanguage":"ca"},{"@type":"Organization","@id":"https:\/\/arrel.com\/#organization","name":"ARREL","url":"https:\/\/arrel.com\/","logo":{"@type":"ImageObject","inLanguage":"ca","@id":"https:\/\/arrel.com\/#\/schema\/logo\/image\/","url":"https:\/\/arrel.com\/wp-content\/uploads\/logo-arrel.svg","contentUrl":"https:\/\/arrel.com\/wp-content\/uploads\/logo-arrel.svg","width":93,"height":33,"caption":"ARREL"},"image":{"@id":"https:\/\/arrel.com\/#\/schema\/logo\/image\/"}}]}},"_links":{"self":[{"href":"https:\/\/arrel.com\/ca\/wp-json\/wp\/v2\/product\/2447","targetHints":{"allow":["GET"]}}],"collection":[{"href":"https:\/\/arrel.com\/ca\/wp-json\/wp\/v2\/product"}],"about":[{"href":"https:\/\/arrel.com\/ca\/wp-json\/wp\/v2\/types\/product"}],"wp:featuredmedia":[{"embeddable":true,"href":"https:\/\/arrel.com\/ca\/wp-json\/wp\/v2\/media\/3699"}],"wp:attachment":[{"href":"https:\/\/arrel.com\/ca\/wp-json\/wp\/v2\/media?parent=2447"}],"wp:term":[{"taxonomy":"product_brand","embeddable":true,"href":"https:\/\/arrel.com\/ca\/wp-json\/wp\/v2\/product_brand?post=2447"},{"taxonomy":"product_cat","embeddable":true,"href":"https:\/\/arrel.com\/ca\/wp-json\/wp\/v2\/product_cat?post=2447"},{"taxonomy":"product_tag","embeddable":true,"href":"https:\/\/arrel.com\/ca\/wp-json\/wp\/v2\/product_tag?post=2447"}],"curies":[{"name":"wp","href":"https:\/\/api.w.org\/{rel}","templated":true}]}}

CASA CANTONERA AMB JARDÍ AMB VISTES ENVEJABLES

<pre id="tw-target-text" class="tw-data-text tw-text-large tw-ta" data-placeholder="Traducció"><span class="Y2IQFc" lang="ca">Tenim el plaer de Presentar-vos aquest producte com a Exclusiva.
A només 3 minuts amb cotxe del centre d'Alella, al costat del transport públic i només a 15 minuts del centre de Barcelona, ​​us presentem aquest Peculiar i assolellat habitatge, RECENT REFORMADA, a la localitat d'Alella amb envejables vistes a les vinyes, al mar ia la localitat.
A nivell de carrer, ens rep l'habitatge amb un jardí bonic amb accés a nivell del garatge. En aquesta mateixa planta disposem de 2 habitacions dobles i un ampli bany amb dutxa tot exterior.
En un segon nivell, tenim saló menjador amb llar de foc i sortida exterior a balcó, lluminosa cuina office i àmplia habitació principal tipus suite amb precioses vistes des del balcó.
A la planta inferior, tenim una sala polivalent, bany de cortesia, safareig habilitat alhora com a cuina per donar suport al jardí privat amb barbacoa de carbó.
Finalment, però no menys important, aquest habitatge gaudeix de zona comunitària amb piscina i vistes.</span></pre>

<pre id="tw-target-text" class="tw-data-text tw-text-large tw-ta" data-placeholder="Traducció"><span class="Y2IQFc" lang="ca">Casa recent reformada molt lluminosa, d'estil americà amb jardí, recinte comunitari privilegiat amb vistes i piscina ubicada a la bonica localitat d'Alella, el Maresme, a només 18 km de Barcelona</span></pre>
<p>&nbsp;</p>

<!-- This site is optimized with the Yoast SEO plugin v27.5 - https://yoast.com/product/yoast-seo-wordpress/ -->
<title>CASA CANTONERA AMB JARDÍ AMB VISTES ENVEJABLES - ARREL</title>
<meta name="description" content="Casa d´estil mediterrani amb jardí, dins d´un recinte comunitari privilegiat amb piscina ubicada al centre de la bonica localitat d´Alella." />
<meta name="robots" content="index, follow, max-snippet:-1, max-image-preview:large, max-video-preview:-1" />
<link rel="canonical" href="https://arrel.com/casa-esquinera-con-jardin-y-vistas-envidiables/" />
<meta property="og:locale" content="ca_ES" />
<meta property="og:type" content="article" />
<meta property="og:title" content="CASA CANTONERA AMB JARDÍ AMB VISTES ENVEJABLES - ARREL" />
<meta property="og:description" content="Casa d´estil mediterrani amb jardí, dins d´un recinte comunitari privilegiat amb piscina ubicada al centre de la bonica localitat d´Alella." />
<meta property="og:url" content="https://arrel.com/casa-esquinera-con-jardin-y-vistas-envidiables/" />
<meta property="og:site_name" content="ARREL" />
<meta property="article:modified_time" content="2022-05-20T12:06:41+00:00" />
<meta property="og:image" content="https://arrel.com/wp-content/uploads/AL-3542-SOLD.jpg" />
	<meta property="og:image:width" content="1000" />
	<meta property="og:image:height" content="592" />
	<meta property="og:image:type" content="image/jpeg" />
<meta name="twitter:card" content="summary_large_image" />
<meta name="twitter:label1" content="Est. reading time" />
	<meta name="twitter:data1" content="1 minute" />
<script type="application/ld+json" class="yoast-schema-graph">{"@context":"https:\/\/schema.org","@graph":[{"@type":"WebPage","@id":"https:\/\/arrel.com\/casa-esquinera-con-jardin-y-vistas-envidiables\/","url":"https:\/\/arrel.com\/casa-esquinera-con-jardin-y-vistas-envidiables\/","name":"CASA CANTONERA AMB JARDÍ AMB VISTES ENVEJABLES - ARREL","isPartOf":{"@id":"https:\/\/arrel.com\/#website"},"primaryImageOfPage":{"@id":"https:\/\/arrel.com\/casa-esquinera-con-jardin-y-vistas-envidiables\/#primaryimage"},"image":{"@id":"https:\/\/arrel.com\/casa-esquinera-con-jardin-y-vistas-envidiables\/#primaryimage"},"thumbnailUrl":"https:\/\/arrel.com\/wp-content\/uploads\/AL-3542-SOLD.jpg","datePublished":"2022-05-20T11:35:02+00:00","dateModified":"2022-05-20T12:06:41+00:00","description":"Casa d´estil mediterrani amb jardí, dins d´un recinte comunitari privilegiat amb piscina ubicada al centre de la bonica localitat d´Alella.","breadcrumb":{"@id":"https:\/\/arrel.com\/casa-esquinera-con-jardin-y-vistas-envidiables\/#breadcrumb"},"inLanguage":"ca","potentialAction":[{"@type":"ReadAction","target":["https:\/\/arrel.com\/casa-esquinera-con-jardin-y-vistas-envidiables\/"]}]},{"@type":"ImageObject","inLanguage":"ca","@id":"https:\/\/arrel.com\/casa-esquinera-con-jardin-y-vistas-envidiables\/#primaryimage","url":"https:\/\/arrel.com\/wp-content\/uploads\/AL-3542-SOLD.jpg","contentUrl":"https:\/\/arrel.com\/wp-content\/uploads\/AL-3542-SOLD.jpg","width":1000,"height":592},{"@type":"BreadcrumbList","@id":"https:\/\/arrel.com\/casa-esquinera-con-jardin-y-vistas-envidiables\/#breadcrumb","itemListElement":[{"@type":"ListItem","position":1,"name":"Portada","item":"https:\/\/arrel.com\/ca\/"},{"@type":"ListItem","position":2,"name":"Cercador d&#8217;immobles","item":"https:\/\/arrel.com\/ca\/buscador-inmuebles\/"},{"@type":"ListItem","position":3,"name":"CASA CANTONERA AMB JARDÍ AMB VISTES ENVEJABLES"}]},{"@type":"WebSite","@id":"https:\/\/arrel.com\/#website","url":"https:\/\/arrel.com\/","name":"ARREL","description":"Agencia inmobiliaria en Maresme y Barcelona","publisher":{"@id":"https:\/\/arrel.com\/#organization"},"potentialAction":[{"@type":"SearchAction","target":{"@type":"EntryPoint","urlTemplate":"https:\/\/arrel.com\/?s={search_term_string}"},"query-input":{"@type":"PropertyValueSpecification","valueRequired":true,"valueName":"search_term_string"}}],"inLanguage":"ca"},{"@type":"Organization","@id":"https:\/\/arrel.com\/#organization","name":"ARREL","url":"https:\/\/arrel.com\/","logo":{"@type":"ImageObject","inLanguage":"ca","@id":"https:\/\/arrel.com\/#\/schema\/logo\/image\/","url":"https:\/\/arrel.com\/wp-content\/uploads\/logo-arrel.svg","contentUrl":"https:\/\/arrel.com\/wp-content\/uploads\/logo-arrel.svg","width":93,"height":33,"caption":"ARREL"},"image":{"@id":"https:\/\/arrel.com\/#\/schema\/logo\/image\/"}}]}</script>
<!-- / Yoast SEO plugin. -->

CASA CANTONERA AMB JARDÍ AMB VISTES ENVEJABLES - ARREL

Casa d´estil mediterrani amb jardí, dins d´un recinte comunitari privilegiat amb piscina ubicada al centre de la bonica localitat d´Alella.
